nd 799015?
37
Calculate the greatest common divisor of 2498222675 and 16265.
16265
What is the highest common divisor of 6402 and 601594?
194
What is the highest common factor of 135 and 1991898?
27
Calculate the greatest common divisor of 7210788 and 3060.
204
What is the highest common divisor of 45 and 491645367?
9
Calculate the greatest common factor of 18604 and 843449548.
18604
What is the highest common divisor of 41588 and 204249065?
10397
What is the greatest common divisor of 995 and 6859132?
199
Calculate the greatest common divisor of 2717 and 3558776.
247
Calculate the greatest common divisor of 4336095072 and 96.
96
Calculate the greatest common factor of 286 and 5862692.
22
What is the highest common factor of 64049225 and 25?
25
Calculate the highest common factor of 4031575 and 50.
25
Calculate the highest common divisor of 269154 and 225082.
1574
What is the greatest common factor of 440 and 1791152?
88
What is the greatest common divisor of 251908692 and 2044?
2044
Calculate the greatest common factor of 152 and 56725868.
76
Calculate the greatest common factor of 315 and 332745.
105
What is the highest common divisor of 8947881 and 2877?
411
What is the greatest common factor of 809240883 and 8013?
8013
What is the greatest common factor of 156964 and 1636?
4
Calculate the greatest common divisor of 145413261 and 4648.
581
Calculate the greatest common divisor of 88 and 2675497.
11
Calculate the greatest common divisor of 5162 and 75226.
58
Calculate the highest common factor of 550668231 and 1494.
747
Calculate the greatest common divisor of 7000462 and 7238.
658
What is the highest common factor of 4240 and 6340?
20
Calculate the greatest common divisor of 17 and 18596.
1
Calculate the greatest common factor of 15529668 and 7392.
924
Calculate the greatest common factor of 71999676 and 752.
188
Calculate the greatest common divisor of 9821438 and 158.
158
Calculate the greatest common factor of 40530860 and 160.
20
What is the greatest common factor of 8340864 and 544?
32
Calculate the greatest common factor of 669762 and 513.
27
What is the highest common divisor of 94163687 and 8146?
4073
Calculate the greatest common divisor of 1039838604 and 60.
12
What is the highest common divisor of 9375 and 14075850?
75
What is the greatest common divisor of 4547940 and 28797?
993
Calculate the greatest common factor of 33066 and 372702.
66
Calculate the highest common factor of 199680 and 46272.
192
Calculate the greatest common factor of 616 and 6791211.
7
Calculate the highest common factor of 2584 and 209270104.
152
Calculate the greatest common divisor of 576 and 11640168.
72
What is the highest common divisor of 219 and 17054844?
219
What is the highest common factor of 137293769 and 771?
257
Calculate the highest common divisor of 546162 and 697344.
1362
What is the highest common divisor of 21055879 and 222097?
5417
Calculate the highest common divisor of 151622140 and 20.
20
What is the greatest common divisor of 38675584 and 11448?
424
What is the greatest common factor of 23580 and 25548?
12
Calculate the highest common divisor of 65139505 and 760.
95
What is the greatest common divisor of 101 and 300903745?
101
Calculate the highest common factor of 21420 and 47829670.
1190
What is the highest common factor of 16 and 51425648?
16
Calculate the greatest common factor of 304 and 47872628.
76
What is the highest common divisor of 47136 and 221316?
12
Calculate the greatest common factor of 55296976 and 20636.
1876
What is the highest common factor of 396 and 13728132?
396
Calculate the highest common divisor of 140 and 272971020.
140
What is the greatest common divisor of 258290 and 211140?
230
What is the greatest common factor of 12359 and 2046086?
17
What is the highest common factor of 143 and 940628?
13
What is the highest common divisor of 3341 and 16822?
13
What is the highest common factor of 16 and 424376?
8
Calculate the greatest common factor of 127101 and 50739.
39
Calculate the greatest common divisor of 34706 and 227143.
259
Calculate the highest common divisor of 644 and 45566542.
322
Calculate the highest common factor of 3719442532 and 13.
13
Calculate the greatest common factor of 42 and 111081066.
6
What is the greatest common factor of 90 and 38012990?
10
What is the highest common factor of 600675 and 51?
3
Calculate the greatest common factor of 64590 and 379920.
30
Calculate the greatest common divisor of 500 and 198324.
4
What is the greatest common factor of 507656556 and 24?
12
Calculate the greatest common factor of 167 and 16975717.
167
Calculate the greatest common divisor of 1536 and 222971136.
768
What is the greatest common factor of 23908 and 12371?
139
What is the greatest common factor of 374 and 1785366?
22
What is the highest common divisor of 2772 and 32274088?
308
Calculate the greatest common factor of 46447170 and 924.
462
Calculate the greatest common factor of 841050 and 705450.
150
What is the greatest common factor of 139654043 and 382?
191
What is the highest common factor of 24822 and 30782038?
2758
Calculate the highest common factor of 676500726 and 531.
177
Calculate the greatest common divisor of 3249 and 5038116.
1083
Calculate the greatest common factor of 186816 and 36288.
1344
Calculate the highest common divisor of 128741289 and 153.
51
What is the greatest common divisor of 5275 and 463203025?
5275
What is the highest common divisor of 2751 and 296520?
21
What is the highest common divisor of 10 and 16230330?
10
What is the greatest common divisor of 35 and 17142020?
35
What is the highest common divisor of 102668892 and 8130?
1626
Calculate the highest common factor of 47 and 653441.
47
Calculate the greatest common factor of 7505799 and 7910.
791
Calculate the highest common factor of 237772346 and 266.
266
What is the highest common divisor of 21762 and 51788538?
1674
What is the greatest common factor of 1040 and 3924080?
80
Calculate the greatest common factor of 669944 and 638.
22
What is the greatest common divisor of 39945529 and 663?
221
What is the highest common factor of 87780 and 16815?
285
Calculate the highest common factor of 36 and 58994073.
9
Calculate the highest common divisor of 12838608 and 5876.
452
Calculate the greatest common divisor of 130 and 85435730.
10
Calculate the greatest common divisor of 1163952068 and 8251.
8251
Calculate the greatest common divisor of 5556378 and 744.
186
Calculate the highest common factor of 2836820 and 308.
28
What is the highest common divisor of 23493276 and 32?
4
Calculate the highest common divisor of 1999166684 and 37.
37
Calculate the greatest common divisor of 231 and 4482709.
77
Calculate the greatest common factor of 513 and 43601922.
513
What is the highest common divisor of 42 and 52209591?
21
What is the greatest common divisor of 9019602 and 180?
18
Calculate the greatest common factor of 64163805 and 8265.
435
Calculate the highest common divisor of 6854636 and 268.
268
What is the greatest common factor of 52892124 and 6?
6
What is the greatest common factor of 142 and 11777551?
71
What is the highest common divisor of 6270 and 223960638?
1254
What is the greatest common factor of 159069080 and 1236?
412
What is the greatest common factor of 2363 and 301019?
17
Calculate the greatest common factor of 6043422 and 2618.
154
Calculate the highest common factor of 654 and 23902937.
109
Calculate the highest common factor of 1863 and 74867139.
621
Calculate the highest common factor of 5520 and 32384920.
920
What is the greatest common divisor of 20200 and 17800?
200
What is the greatest common factor of 10 and 11526120?
10
Calculate the greatest common factor of 95516223 and 33.
33
Calculate the highest common divisor of 135222 and 138477.
93
What is the highest common factor of 108319638 and 140?
14
Calculate the greatest common factor of 112662012 and 12.
12
What is the greatest common divisor of 1848 and 140571354?
462
What is the highest common factor of 460839357 and 1881?
1881
What is the greatest common divisor of 7054685 and 1276?
319
Calculate the highest common divisor of 361946325 and 975.
975
Calculate the highest common divisor of 588060 and 48939.
33
Calculate the greatest common